{"id":5,"date":"2023-01-10T12:26:09","date_gmt":"2023-01-10T11:26:09","guid":{"rendered":"http:\/\/dev.parcs-eoliens-enertrag.fr\/testy\/?page_id=5"},"modified":"2023-04-26T10:54:35","modified_gmt":"2023-04-26T08:54:35","slug":"attente","status":"publish","type":"page","link":"https:\/\/www.enertrag.fr\/haut-des-bois\/","title":{"rendered":"Accueil"},"content":{"rendered":"\t\t<div data-elementor-type=\"wp-page\" data-elementor-id=\"5\" class=\"elementor elementor-5\" data-elementor-settings=\"{&quot;ha_cmc_init_switcher&quot;:&quot;no&quot;}\" data-elementor-post-type=\"page\">\n\t\t\t\t\t\t<section class=\"elementor-section elementor-top-section elementor-element elementor-element-3a95a101 elementor-section-boxed elementor-section-height-default elementor-section-height-default\" data-id=\"3a95a101\" data-element_type=\"section\" data-e-type=\"section\" data-settings=\"{&quot;background_background&quot;:&quot;classic&quot;,&quot;_ha_eqh_enable&quot;:false}\">\n\t\t\t\t\t\t<div class=\"elementor-container elementor-column-gap-default\">\n\t\t\t\t\t<div class=\"elementor-column elementor-col-100 elementor-top-column elementor-element elementor-element-745acc87\" data-id=\"745acc87\" data-element_type=\"column\" data-e-type=\"column\">\n\t\t\t<div class=\"elementor-widget-wrap elementor-element-populated\">\n\t\t\t\t\t\t<div class=\"elementor-element elementor-element-0143a0d elementor-widget elementor-widget-text-editor\" data-id=\"0143a0d\" data-element_type=\"widget\" data-e-type=\"widget\" id=\"bandeau_h1\" data-widget_type=\"text-editor.default\">\n\t\t\t\t<div class=\"elementor-widget-container\">\n\t\t\t\t\t\t\t\t\t<h1><span>PROJET \u00c9OLIEN<\/span> DU HAUT DES BOIS<\/h1>\t\t\t\t\t\t\t\t<\/div>\n\t\t\t\t<\/div>\n\t\t\t\t\t<\/div>\n\t\t<\/div>\n\t\t\t\t\t<\/div>\n\t\t<\/section>\n\t\t\t\t<section class=\"elementor-section elementor-top-section elementor-element elementor-element-5fab407e elementor-section-full_width elementor-section-stretched elementor-section-height-default elementor-section-height-default\" data-id=\"5fab407e\" data-element_type=\"section\" data-e-type=\"section\" data-settings=\"{&quot;stretch_section&quot;:&quot;section-stretched&quot;,&quot;_ha_eqh_enable&quot;:false}\">\n\t\t\t\t\t\t<div class=\"elementor-container elementor-column-gap-default\">\n\t\t\t\t\t<div class=\"elementor-column elementor-col-100 elementor-top-column elementor-element elementor-element-7399a403\" data-id=\"7399a403\" data-element_type=\"column\" data-e-type=\"column\">\n\t\t\t<div class=\"elementor-widget-wrap elementor-element-populated\">\n\t\t\t\t\t\t<div class=\"elementor-element elementor-element-4ed70727 elementor-widget elementor-widget-image\" data-id=\"4ed70727\" data-element_type=\"widget\" data-e-type=\"widget\" data-widget_type=\"image.default\">\n\t\t\t\t<div class=\"elementor-widget-container\">\n\t\t\t\t\t\t\t\t\t\t\t\t\t\t\t<img fetchpriority=\"high\" decoding=\"async\" width=\"2560\" height=\"575\" src=\"https:\/\/www.enertrag.fr\/haut-des-bois\/wp-content\/uploads\/sites\/8\/2023\/02\/image-home_2.jpg\" class=\"attachment-full size-full wp-image-455\" alt=\"\" srcset=\"https:\/\/www.enertrag.fr\/haut-des-bois\/wp-content\/uploads\/sites\/8\/2023\/02\/image-home_2.jpg 2560w, https:\/\/www.enertrag.fr\/haut-des-bois\/wp-content\/uploads\/sites\/8\/2023\/02\/image-home_2-300x67.jpg 300w, https:\/\/www.enertrag.fr\/haut-des-bois\/wp-content\/uploads\/sites\/8\/2023\/02\/image-home_2-1024x230.jpg 1024w, https:\/\/www.enertrag.fr\/haut-des-bois\/wp-content\/uploads\/sites\/8\/2023\/02\/image-home_2-768x173.jpg 768w, https:\/\/www.enertrag.fr\/haut-des-bois\/wp-content\/uploads\/sites\/8\/2023\/02\/image-home_2-1536x345.jpg 1536w, https:\/\/www.enertrag.fr\/haut-des-bois\/wp-content\/uploads\/sites\/8\/2023\/02\/image-home_2-2048x460.jpg 2048w\" sizes=\"(max-width: 2560px) 100vw, 2560px\" \/>\t\t\t\t\t\t\t\t\t\t\t\t\t\t\t<\/div>\n\t\t\t\t<\/div>\n\t\t\t\t\t<\/div>\n\t\t<\/div>\n\t\t\t\t\t<\/div>\n\t\t<\/section>\n\t\t\t\t<section class=\"elementor-section elementor-top-section elementor-element elementor-element-c97c833 elementor-section-boxed elementor-section-height-default elementor-section-height-default\" data-id=\"c97c833\" data-element_type=\"section\" data-e-type=\"section\" data-settings=\"{&quot;background_background&quot;:&quot;classic&quot;,&quot;_ha_eqh_enable&quot;:false}\">\n\t\t\t\t\t\t<div class=\"elementor-container elementor-column-gap-default\">\n\t\t\t\t\t<div class=\"elementor-column elementor-col-50 elementor-top-column elementor-element elementor-element-2a79239\" data-id=\"2a79239\" data-element_type=\"column\" data-e-type=\"column\">\n\t\t\t<div class=\"elementor-widget-wrap elementor-element-populated\">\n\t\t\t\t\t\t<div class=\"elementor-element elementor-element-fbf4f8d elementor-widget elementor-widget-image\" data-id=\"fbf4f8d\" data-element_type=\"widget\" data-e-type=\"widget\" data-widget_type=\"image.default\">\n\t\t\t\t<div class=\"elementor-widget-container\">\n\t\t\t\t\t\t\t\t\t\t\t\t\t\t\t<img decoding=\"async\" width=\"768\" height=\"680\" src=\"https:\/\/www.enertrag.fr\/haut-des-bois\/wp-content\/uploads\/sites\/8\/2023\/01\/Illstration-768x680.png\" class=\"attachment-medium_large size-medium_large wp-image-159\" alt=\"\" srcset=\"https:\/\/www.enertrag.fr\/haut-des-bois\/wp-content\/uploads\/sites\/8\/2023\/01\/Illstration-768x680.png 768w, https:\/\/www.enertrag.fr\/haut-des-bois\/wp-content\/uploads\/sites\/8\/2023\/01\/Illstration-300x266.png 300w, https:\/\/www.enertrag.fr\/haut-des-bois\/wp-content\/uploads\/sites\/8\/2023\/01\/Illstration.png 835w\" sizes=\"(max-width: 768px) 100vw, 768px\" \/>\t\t\t\t\t\t\t\t\t\t\t\t\t\t\t<\/div>\n\t\t\t\t<\/div>\n\t\t\t\t\t<\/div>\n\t\t<\/div>\n\t\t\t\t<div class=\"elementor-column elementor-col-50 elementor-top-column elementor-element elementor-element-3f0f230\" data-id=\"3f0f230\" data-element_type=\"column\" data-e-type=\"column\">\n\t\t\t<div class=\"elementor-widget-wrap elementor-element-populated\">\n\t\t\t\t\t\t<div class=\"elementor-element elementor-element-4d66b2a elementor-widget elementor-widget-text-editor\" data-id=\"4d66b2a\" data-element_type=\"widget\" data-e-type=\"widget\" data-widget_type=\"text-editor.default\">\n\t\t\t\t<div class=\"elementor-widget-container\">\n\t\t\t\t\t\t\t\t\t<h2 style=\"text-align: center;\">Le projet en Bref<\/h2><p>Le projet de parc \u00e9olien du <strong>Haut des Bois<\/strong> se situe dans le d\u00e9partement de l\u2019Yonne, dans un paysage riche compos\u00e9 de vastes plateaux agricoles, de vall\u00e9es profondes et sinueuses de cours d\u2019eau, de bocages, de boisements et villages\u2026 Cet espace propice \u00e0 l\u2019\u00e9olien s\u2019inscrit dans une politique de d\u00e9veloppement des \u00e9nergies renouvelables et de diversification du mix \u00e9nerg\u00e9tique.<\/p><p>La prise en compte des enjeux sociaux et environnementaux, tr\u00e8s encadr\u00e9s par la r\u00e8glementation fran\u00e7aise, n\u00e9cessitent qu\u2019ENERTRAG r\u00e9alise de nombreuses \u00e9tudes pour que le projet r\u00e9ponde aux objectifs \u00e9nerg\u00e9tiques nationaux et aux caract\u00e9ristiques locales du territoire.<\/p>\t\t\t\t\t\t\t\t<\/div>\n\t\t\t\t<\/div>\n\t\t\t\t<div class=\"elementor-element elementor-element-ad352ab elementor-align-center elementor-widget elementor-widget-button\" data-id=\"ad352ab\" data-element_type=\"widget\" data-e-type=\"widget\" data-widget_type=\"button.default\">\n\t\t\t\t<div class=\"elementor-widget-container\">\n\t\t\t\t\t\t\t\t\t<div class=\"elementor-button-wrapper\">\n\t\t\t\t\t<a class=\"elementor-button elementor-button-link elementor-size-sm\" href=\"https:\/\/www.enertrag.fr\/haut-des-bois\/le-projet\/\">\n\t\t\t\t\t\t<span class=\"elementor-button-content-wrapper\">\n\t\t\t\t\t\t\t\t\t<span class=\"elementor-button-text\">D\u00e9couvrir le projet<\/span>\n\t\t\t\t\t<\/span>\n\t\t\t\t\t<\/a>\n\t\t\t\t<\/div>\n\t\t\t\t\t\t\t\t<\/div>\n\t\t\t\t<\/div>\n\t\t\t\t\t<\/div>\n\t\t<\/div>\n\t\t\t\t\t<\/div>\n\t\t<\/section>\n\t\t\t\t<section class=\"elementor-section elementor-top-section elementor-element elementor-element-a439d05 elementor-section-boxed elementor-section-height-default elementor-section-height-default\" data-id=\"a439d05\" data-element_type=\"section\" data-e-type=\"section\" data-settings=\"{&quot;_ha_eqh_enable&quot;:false}\">\n\t\t\t\t\t\t<div class=\"elementor-container elementor-column-gap-default\">\n\t\t\t\t\t<div class=\"elementor-column elementor-col-100 elementor-top-column elementor-element elementor-element-aff318a\" data-id=\"aff318a\" data-element_type=\"column\" data-e-type=\"column\">\n\t\t\t<div class=\"elementor-widget-wrap elementor-element-populated\">\n\t\t\t\t\t\t<div class=\"elementor-element elementor-element-21a0449 elementor-widget elementor-widget-text-editor\" data-id=\"21a0449\" data-element_type=\"widget\" data-e-type=\"widget\" data-widget_type=\"text-editor.default\">\n\t\t\t\t<div class=\"elementor-widget-container\">\n\t\t\t\t\t\t\t\t\t<h2 style=\"text-align: center;\">Les actualit\u00e9s<\/h2><h5>Le projet du Haut des Bois se trouve dans sa phase d\u2019instruction depuis le 12 mars 2020.\u00a0La campagne de financement participatif pour l\u2019installation du m\u00e2t de mesures et l\u2019analyse des donn\u00e9es de vent s\u2019est termin\u00e9e le 17 f\u00e9vrier 2021.<\/h5><h4>LE FINANCEMENT PARTICIPATIF<\/h4><p>Depuis sa cr\u00e9ation, ENERTRAG accompagne et valorise les territoires, en relation \u00e9troite avec les acteurs locaux et les riverains.\u00a0Nous avons lanc\u00e9 le 15 janvier 2021 une campagne de financement participatif sur Lendosphere pour l\u2019installation du m\u00e2t de mesures de vent pour le projet \u00e9olien du Haut des Bois.\u00a0Avec un objectif initial fix\u00e9 \u00e0 70 000 \u20ac, la collecte a permis aux riverains de contribuer \u00e0 une \u00e9tape d\u00e9cisive du d\u00e9veloppement de ce projet \u00e9olien.\u00a0Cette op\u00e9ration \u00e9tait r\u00e9serv\u00e9e aux habitants de la r\u00e9gion Bourgogne-Franche-Comt\u00e9. Une fois l\u2019objectif initial atteint, la collecte a \u00e9t\u00e9 d\u00e9plafonn\u00e9e et \u00e9tait alors r\u00e9serv\u00e9e aux habitants de l\u2019Yonne. Le montant total pr\u00eat\u00e9 par les habitants de la r\u00e9gion s\u2019\u00e9l\u00e8ve \u00e0 75 500\u20ac.\u00a0Avec ce financement participatif, nous avons souhait\u00e9 aller plus loin dans notre d\u00e9marche de concertation en invitant celles et ceux qui le souhaitaient \u00e0 prendre part activement \u00e0 l\u2019implication de leur territoire dans la transition \u00e9nerg\u00e9tique.<\/p>\t\t\t\t\t\t\t\t<\/div>\n\t\t\t\t<\/div>\n\t\t\t\t\t<\/div>\n\t\t<\/div>\n\t\t\t\t\t<\/div>\n\t\t<\/section>\n\t\t\t\t<section class=\"elementor-section elementor-top-section elementor-element elementor-element-7d4d063 elementor-section-boxed elementor-section-height-default elementor-section-height-default\" data-id=\"7d4d063\" data-element_type=\"section\" data-e-type=\"section\" data-settings=\"{&quot;_ha_eqh_enable&quot;:false}\">\n\t\t\t\t\t\t<div class=\"elementor-container elementor-column-gap-default\">\n\t\t\t\t\t<div class=\"elementor-column elementor-col-100 elementor-top-column elementor-element elementor-element-8ae6f95\" data-id=\"8ae6f95\" data-element_type=\"column\" data-e-type=\"column\">\n\t\t\t<div class=\"elementor-widget-wrap elementor-element-populated\">\n\t\t\t\t\t\t<div class=\"elementor-element elementor-element-04ee5d6 elementor-posts--align-center elementor-grid-3 elementor-grid-tablet-2 elementor-grid-mobile-1 elementor-posts--thumbnail-top elementor-widget elementor-widget-posts\" data-id=\"04ee5d6\" data-element_type=\"widget\" data-e-type=\"widget\" data-settings=\"{&quot;classic_columns&quot;:&quot;3&quot;,&quot;classic_columns_tablet&quot;:&quot;2&quot;,&quot;classic_columns_mobile&quot;:&quot;1&quot;,&quot;classic_row_gap&quot;:{&quot;unit&quot;:&quot;px&quot;,&quot;size&quot;:35,&quot;sizes&quot;:[]},&quot;classic_row_gap_tablet&quot;:{&quot;unit&quot;:&quot;px&quot;,&quot;size&quot;:&quot;&quot;,&quot;sizes&quot;:[]},&quot;classic_row_gap_mobile&quot;:{&quot;unit&quot;:&quot;px&quot;,&quot;size&quot;:&quot;&quot;,&quot;sizes&quot;:[]}}\" data-widget_type=\"posts.classic\">\n\t\t\t\t<div class=\"elementor-widget-container\">\n\t\t\t\t\t\t\t<div class=\"elementor-posts-container elementor-posts elementor-posts--skin-classic elementor-grid\" role=\"list\">\n\t\t\t\t<article class=\"elementor-post elementor-grid-item post-74 post type-post status-publish format-standard hentry category-non-classe\" role=\"listitem\">\n\t\t\t\t<div class=\"elementor-post__text\">\n\t\t\t\t<h3 class=\"elementor-post__title\">\n\t\t\t<a href=\"https:\/\/www.enertrag.fr\/haut-des-bois\/blog\/2023\/01\/12\/tout-comprendre-des-infrasons\/\" >\n\t\t\t\tDossier de la concertation pr\u00e9alable\t\t\t<\/a>\n\t\t<\/h3>\n\t\t\t\t<div class=\"elementor-post__excerpt\">\n\t\t\t\t\t<\/div>\n\t\t\t\t\t<div class=\"elementor-post__read-more-wrapper\">\n\t\t\n\t\t<a class=\"elementor-post__read-more\" href=\"https:\/\/www.enertrag.fr\/haut-des-bois\/blog\/2023\/01\/12\/tout-comprendre-des-infrasons\/\" aria-label=\"En savoir plus sur Dossier de la concertation pr\u00e9alable\" tabindex=\"-1\" >\n\t\t\tLire la suite &gt;\t\t<\/a>\n\n\t\t\t\t\t<\/div>\n\t\t\t\t<\/div>\n\t\t\t\t<\/article>\n\t\t\t\t<article class=\"elementor-post elementor-grid-item post-72 post type-post status-publish format-standard hentry category-non-classe\" role=\"listitem\">\n\t\t\t\t<div class=\"elementor-post__text\">\n\t\t\t\t<h3 class=\"elementor-post__title\">\n\t\t\t<a href=\"https:\/\/www.enertrag.fr\/haut-des-bois\/blog\/2023\/01\/12\/bilan-de-la-concertation-prealable-tenue-du-1er-au-15-avril-019\/\" >\n\t\t\t\tBilan de la concertation pr\u00e9alable tenue du 1er au 15 avril 2019\t\t\t<\/a>\n\t\t<\/h3>\n\t\t\t\t<div class=\"elementor-post__excerpt\">\n\t\t\t\t\t<\/div>\n\t\t\t\t\t<div class=\"elementor-post__read-more-wrapper\">\n\t\t\n\t\t<a class=\"elementor-post__read-more\" href=\"https:\/\/www.enertrag.fr\/haut-des-bois\/blog\/2023\/01\/12\/bilan-de-la-concertation-prealable-tenue-du-1er-au-15-avril-019\/\" aria-label=\"En savoir plus sur Bilan de la concertation pr\u00e9alable tenue du 1er au 15 avril 2019\" tabindex=\"-1\" >\n\t\t\tLire la suite &gt;\t\t<\/a>\n\n\t\t\t\t\t<\/div>\n\t\t\t\t<\/div>\n\t\t\t\t<\/article>\n\t\t\t\t<article class=\"elementor-post elementor-grid-item post-1 post type-post status-publish format-standard hentry category-non-classe\" role=\"listitem\">\n\t\t\t\t<div class=\"elementor-post__text\">\n\t\t\t\t<h3 class=\"elementor-post__title\">\n\t\t\t<a href=\"https:\/\/www.enertrag.fr\/haut-des-bois\/blog\/2023\/01\/10\/reponses-aux-questions-et-recommandations-soulevees-lors-de-la-concertation-prealable-du-projet-eolien-du-haut-des-bois-89\/\" >\n\t\t\t\tR\u00e9ponses aux questions et recommandations soulev\u00e9es lors de la concertation pr\u00e9alable du projet \u00e9olien du Haut des Bois (89)\t\t\t<\/a>\n\t\t<\/h3>\n\t\t\t\t<div class=\"elementor-post__excerpt\">\n\t\t\t\t\t<\/div>\n\t\t\t\t\t<div class=\"elementor-post__read-more-wrapper\">\n\t\t\n\t\t<a class=\"elementor-post__read-more\" href=\"https:\/\/www.enertrag.fr\/haut-des-bois\/blog\/2023\/01\/10\/reponses-aux-questions-et-recommandations-soulevees-lors-de-la-concertation-prealable-du-projet-eolien-du-haut-des-bois-89\/\" aria-label=\"En savoir plus sur R\u00e9ponses aux questions et recommandations soulev\u00e9es lors de la concertation pr\u00e9alable du projet \u00e9olien du Haut des Bois (89)\" tabindex=\"-1\" >\n\t\t\tLire la suite &gt;\t\t<\/a>\n\n\t\t\t\t\t<\/div>\n\t\t\t\t<\/div>\n\t\t\t\t<\/article>\n\t\t\t\t<\/div>\n\t\t\n\t\t\t\t\t\t<\/div>\n\t\t\t\t<\/div>\n\t\t\t\t<div class=\"elementor-element elementor-element-d70535f elementor-align-center elementor-widget elementor-widget-button\" data-id=\"d70535f\" data-element_type=\"widget\" data-e-type=\"widget\" data-widget_type=\"button.default\">\n\t\t\t\t<div class=\"elementor-widget-container\">\n\t\t\t\t\t\t\t\t\t<div class=\"elementor-button-wrapper\">\n\t\t\t\t\t<a class=\"elementor-button elementor-button-link elementor-size-sm\" href=\"https:\/\/www.enertrag.fr\/haut-des-bois\/actualites\/\">\n\t\t\t\t\t\t<span class=\"elementor-button-content-wrapper\">\n\t\t\t\t\t\t\t\t\t<span class=\"elementor-button-text\">Voir toutes les actualit\u00e9s<\/span>\n\t\t\t\t\t<\/span>\n\t\t\t\t\t<\/a>\n\t\t\t\t<\/div>\n\t\t\t\t\t\t\t\t<\/div>\n\t\t\t\t<\/div>\n\t\t\t\t\t<\/div>\n\t\t<\/div>\n\t\t\t\t\t<\/div>\n\t\t<\/section>\n\t\t\t\t<\/div>\n\t\t","protected":false},"excerpt":{"rendered":"<p>PROJET \u00c9OLIEN DU HAUT DES BOIS Le projet en Bref Le projet de parc \u00e9olien du Haut des Bois se situe dans le d\u00e9partement de l\u2019Yonne, dans un paysage riche compos\u00e9 de vastes plateaux agricoles, de vall\u00e9es profondes et sinueuses de cours d\u2019eau, de bocages, de boisements et villages\u2026 Cet espace propice \u00e0 l\u2019\u00e9olien s\u2019inscrit [&hellip;]<\/p>\n","protected":false},"author":1,"featured_media":0,"parent":0,"menu_order":0,"comment_status":"closed","ping_status":"closed","template":"","meta":{"_acf_changed":false,"footnotes":""},"class_list":["post-5","page","type-page","status-publish","hentry"],"acf":[],"yoast_head":"<!-- This site is optimized with the Yoast SEO plugin v27.4 - https:\/\/yoast.com\/product\/yoast-seo-wordpress\/ -->\n<title>Accueil - Hauts des Bois<\/title>\n<meta name=\"robots\" content=\"index, follow, max-snippet:-1, max-image-preview:large, max-video-preview:-1\" \/>\n<link rel=\"canonical\" href=\"https:\/\/www.enertrag.fr\/haut-des-bois\/\" \/>\n<meta property=\"og:locale\" content=\"fr_FR\" \/>\n<meta property=\"og:type\" content=\"article\" \/>\n<meta property=\"og:title\" content=\"Accueil - Hauts des Bois\" \/>\n<meta property=\"og:description\" content=\"PROJET \u00c9OLIEN DU HAUT DES BOIS Le projet en Bref Le projet de parc \u00e9olien du Haut des Bois se situe dans le d\u00e9partement de l\u2019Yonne, dans un paysage riche compos\u00e9 de vastes plateaux agricoles, de vall\u00e9es profondes et sinueuses de cours d\u2019eau, de bocages, de boisements et villages\u2026 Cet espace propice \u00e0 l\u2019\u00e9olien s\u2019inscrit [&hellip;]\" \/>\n<meta property=\"og:url\" content=\"https:\/\/www.enertrag.fr\/haut-des-bois\/\" \/>\n<meta property=\"og:site_name\" content=\"Hauts des Bois\" \/>\n<meta property=\"article:modified_time\" content=\"2023-04-26T08:54:35+00:00\" \/>\n<meta property=\"og:image\" content=\"https:\/\/www.enertrag.fr\/haut-des-bois\/wp-content\/uploads\/sites\/8\/2023\/02\/image-home_2.jpg\" \/>\n<meta name=\"twitter:card\" content=\"summary_large_image\" \/>\n<meta name=\"twitter:label1\" content=\"Dur\u00e9e de lecture estim\u00e9e\" \/>\n\t<meta name=\"twitter:data1\" content=\"3 minutes\" \/>\n<script type=\"application\/ld+json\" class=\"yoast-schema-graph\">{\"@context\":\"https:\\\/\\\/schema.org\",\"@graph\":[{\"@type\":\"WebPage\",\"@id\":\"https:\\\/\\\/www.enertrag.fr\\\/haut-des-bois\\\/\",\"url\":\"https:\\\/\\\/www.enertrag.fr\\\/haut-des-bois\\\/\",\"name\":\"Accueil - Hauts des Bois\",\"isPartOf\":{\"@id\":\"https:\\\/\\\/www.enertrag.fr\\\/haut-des-bois\\\/#website\"},\"primaryImageOfPage\":{\"@id\":\"https:\\\/\\\/www.enertrag.fr\\\/haut-des-bois\\\/#primaryimage\"},\"image\":{\"@id\":\"https:\\\/\\\/www.enertrag.fr\\\/haut-des-bois\\\/#primaryimage\"},\"thumbnailUrl\":\"https:\\\/\\\/www.enertrag.fr\\\/haut-des-bois\\\/wp-content\\\/uploads\\\/sites\\\/8\\\/2023\\\/02\\\/image-home_2.jpg\",\"datePublished\":\"2023-01-10T11:26:09+00:00\",\"dateModified\":\"2023-04-26T08:54:35+00:00\",\"breadcrumb\":{\"@id\":\"https:\\\/\\\/www.enertrag.fr\\\/haut-des-bois\\\/#breadcrumb\"},\"inLanguage\":\"fr-FR\",\"potentialAction\":[{\"@type\":\"ReadAction\",\"target\":[\"https:\\\/\\\/www.enertrag.fr\\\/haut-des-bois\\\/\"]}]},{\"@type\":\"ImageObject\",\"inLanguage\":\"fr-FR\",\"@id\":\"https:\\\/\\\/www.enertrag.fr\\\/haut-des-bois\\\/#primaryimage\",\"url\":\"https:\\\/\\\/www.enertrag.fr\\\/haut-des-bois\\\/wp-content\\\/uploads\\\/sites\\\/8\\\/2023\\\/02\\\/image-home_2.jpg\",\"contentUrl\":\"https:\\\/\\\/www.enertrag.fr\\\/haut-des-bois\\\/wp-content\\\/uploads\\\/sites\\\/8\\\/2023\\\/02\\\/image-home_2.jpg\",\"width\":2560,\"height\":575},{\"@type\":\"BreadcrumbList\",\"@id\":\"https:\\\/\\\/www.enertrag.fr\\\/haut-des-bois\\\/#breadcrumb\",\"itemListElement\":[{\"@type\":\"ListItem\",\"position\":1,\"name\":\"Accueil\",\"item\":\"https:\\\/\\\/www.enertrag.fr\\\/haut-des-bois\\\/\"},{\"@type\":\"ListItem\",\"position\":2,\"name\":\"Accueil\"}]},{\"@type\":\"WebSite\",\"@id\":\"https:\\\/\\\/www.enertrag.fr\\\/haut-des-bois\\\/#website\",\"url\":\"https:\\\/\\\/www.enertrag.fr\\\/haut-des-bois\\\/\",\"name\":\"Hauts des Bois\",\"description\":\"\",\"publisher\":{\"@id\":\"https:\\\/\\\/www.enertrag.fr\\\/haut-des-bois\\\/#organization\"},\"potentialAction\":[{\"@type\":\"SearchAction\",\"target\":{\"@type\":\"EntryPoint\",\"urlTemplate\":\"https:\\\/\\\/www.enertrag.fr\\\/haut-des-bois\\\/?s={search_term_string}\"},\"query-input\":{\"@type\":\"PropertyValueSpecification\",\"valueRequired\":true,\"valueName\":\"search_term_string\"}}],\"inLanguage\":\"fr-FR\"},{\"@type\":\"Organization\",\"@id\":\"https:\\\/\\\/www.enertrag.fr\\\/haut-des-bois\\\/#organization\",\"name\":\"Hauts des Bois\",\"url\":\"https:\\\/\\\/www.enertrag.fr\\\/haut-des-bois\\\/\",\"logo\":{\"@type\":\"ImageObject\",\"inLanguage\":\"fr-FR\",\"@id\":\"https:\\\/\\\/www.enertrag.fr\\\/haut-des-bois\\\/#\\\/schema\\\/logo\\\/image\\\/\",\"url\":\"https:\\\/\\\/www.enertrag.fr\\\/haut-des-bois\\\/wp-content\\\/uploads\\\/sites\\\/8\\\/2023\\\/01\\\/ENERTRAG_Logo.png\",\"contentUrl\":\"https:\\\/\\\/www.enertrag.fr\\\/haut-des-bois\\\/wp-content\\\/uploads\\\/sites\\\/8\\\/2023\\\/01\\\/ENERTRAG_Logo.png\",\"width\":500,\"height\":161,\"caption\":\"Hauts des Bois\"},\"image\":{\"@id\":\"https:\\\/\\\/www.enertrag.fr\\\/haut-des-bois\\\/#\\\/schema\\\/logo\\\/image\\\/\"}}]}<\/script>\n<!-- \/ Yoast SEO plugin. -->","yoast_head_json":{"title":"Accueil - Hauts des Bois","robots":{"index":"index","follow":"follow","max-snippet":"max-snippet:-1","max-image-preview":"max-image-preview:large","max-video-preview":"max-video-preview:-1"},"canonical":"https:\/\/www.enertrag.fr\/haut-des-bois\/","og_locale":"fr_FR","og_type":"article","og_title":"Accueil - Hauts des Bois","og_description":"PROJET \u00c9OLIEN DU HAUT DES BOIS Le projet en Bref Le projet de parc \u00e9olien du Haut des Bois se situe dans le d\u00e9partement de l\u2019Yonne, dans un paysage riche compos\u00e9 de vastes plateaux agricoles, de vall\u00e9es profondes et sinueuses de cours d\u2019eau, de bocages, de boisements et villages\u2026 Cet espace propice \u00e0 l\u2019\u00e9olien s\u2019inscrit [&hellip;]","og_url":"https:\/\/www.enertrag.fr\/haut-des-bois\/","og_site_name":"Hauts des Bois","article_modified_time":"2023-04-26T08:54:35+00:00","og_image":[{"url":"https:\/\/www.enertrag.fr\/haut-des-bois\/wp-content\/uploads\/sites\/8\/2023\/02\/image-home_2.jpg","type":"","width":"","height":""}],"twitter_card":"summary_large_image","twitter_misc":{"Dur\u00e9e de lecture estim\u00e9e":"3 minutes"},"schema":{"@context":"https:\/\/schema.org","@graph":[{"@type":"WebPage","@id":"https:\/\/www.enertrag.fr\/haut-des-bois\/","url":"https:\/\/www.enertrag.fr\/haut-des-bois\/","name":"Accueil - Hauts des Bois","isPartOf":{"@id":"https:\/\/www.enertrag.fr\/haut-des-bois\/#website"},"primaryImageOfPage":{"@id":"https:\/\/www.enertrag.fr\/haut-des-bois\/#primaryimage"},"image":{"@id":"https:\/\/www.enertrag.fr\/haut-des-bois\/#primaryimage"},"thumbnailUrl":"https:\/\/www.enertrag.fr\/haut-des-bois\/wp-content\/uploads\/sites\/8\/2023\/02\/image-home_2.jpg","datePublished":"2023-01-10T11:26:09+00:00","dateModified":"2023-04-26T08:54:35+00:00","breadcrumb":{"@id":"https:\/\/www.enertrag.fr\/haut-des-bois\/#breadcrumb"},"inLanguage":"fr-FR","potentialAction":[{"@type":"ReadAction","target":["https:\/\/www.enertrag.fr\/haut-des-bois\/"]}]},{"@type":"ImageObject","inLanguage":"fr-FR","@id":"https:\/\/www.enertrag.fr\/haut-des-bois\/#primaryimage","url":"https:\/\/www.enertrag.fr\/haut-des-bois\/wp-content\/uploads\/sites\/8\/2023\/02\/image-home_2.jpg","contentUrl":"https:\/\/www.enertrag.fr\/haut-des-bois\/wp-content\/uploads\/sites\/8\/2023\/02\/image-home_2.jpg","width":2560,"height":575},{"@type":"BreadcrumbList","@id":"https:\/\/www.enertrag.fr\/haut-des-bois\/#breadcrumb","itemListElement":[{"@type":"ListItem","position":1,"name":"Accueil","item":"https:\/\/www.enertrag.fr\/haut-des-bois\/"},{"@type":"ListItem","position":2,"name":"Accueil"}]},{"@type":"WebSite","@id":"https:\/\/www.enertrag.fr\/haut-des-bois\/#website","url":"https:\/\/www.enertrag.fr\/haut-des-bois\/","name":"Hauts des Bois","description":"","publisher":{"@id":"https:\/\/www.enertrag.fr\/haut-des-bois\/#organization"},"potentialAction":[{"@type":"SearchAction","target":{"@type":"EntryPoint","urlTemplate":"https:\/\/www.enertrag.fr\/haut-des-bois\/?s={search_term_string}"},"query-input":{"@type":"PropertyValueSpecification","valueRequired":true,"valueName":"search_term_string"}}],"inLanguage":"fr-FR"},{"@type":"Organization","@id":"https:\/\/www.enertrag.fr\/haut-des-bois\/#organization","name":"Hauts des Bois","url":"https:\/\/www.enertrag.fr\/haut-des-bois\/","logo":{"@type":"ImageObject","inLanguage":"fr-FR","@id":"https:\/\/www.enertrag.fr\/haut-des-bois\/#\/schema\/logo\/image\/","url":"https:\/\/www.enertrag.fr\/haut-des-bois\/wp-content\/uploads\/sites\/8\/2023\/01\/ENERTRAG_Logo.png","contentUrl":"https:\/\/www.enertrag.fr\/haut-des-bois\/wp-content\/uploads\/sites\/8\/2023\/01\/ENERTRAG_Logo.png","width":500,"height":161,"caption":"Hauts des Bois"},"image":{"@id":"https:\/\/www.enertrag.fr\/haut-des-bois\/#\/schema\/logo\/image\/"}}]}},"_links":{"self":[{"href":"https:\/\/www.enertrag.fr\/haut-des-bois\/wp-json\/wp\/v2\/pages\/5","targetHints":{"allow":["GET"]}}],"collection":[{"href":"https:\/\/www.enertrag.fr\/haut-des-bois\/wp-json\/wp\/v2\/pages"}],"about":[{"href":"https:\/\/www.enertrag.fr\/haut-des-bois\/wp-json\/wp\/v2\/types\/page"}],"author":[{"embeddable":true,"href":"https:\/\/www.enertrag.fr\/haut-des-bois\/wp-json\/wp\/v2\/users\/1"}],"replies":[{"embeddable":true,"href":"https:\/\/www.enertrag.fr\/haut-des-bois\/wp-json\/wp\/v2\/comments?post=5"}],"version-history":[{"count":0,"href":"https:\/\/www.enertrag.fr\/haut-des-bois\/wp-json\/wp\/v2\/pages\/5\/revisions"}],"wp:attachment":[{"href":"https:\/\/www.enertrag.fr\/haut-des-bois\/wp-json\/wp\/v2\/media?parent=5"}],"curies":[{"name":"wp","href":"https:\/\/api.w.org\/{rel}","templated":true}]}}