{"id":538,"date":"2023-02-24T15:04:38","date_gmt":"2023-02-24T14:04:38","guid":{"rendered":"http:\/\/dev.parcs-eoliens-enertrag.fr\/balossiers\/?page_id=538"},"modified":"2023-02-24T15:46:47","modified_gmt":"2023-02-24T14:46:47","slug":"politique-cookies","status":"publish","type":"page","link":"https:\/\/www.enertrag.fr\/balossiers\/politique-cookies\/","title":{"rendered":"Politique cookies"},"content":{"rendered":"\t\t<div data-elementor-type=\"wp-page\" data-elementor-id=\"538\" class=\"elementor elementor-538\" data-elementor-settings=\"{&quot;ha_cmc_init_switcher&quot;:&quot;no&quot;}\" data-elementor-post-type=\"page\">\n\t\t\t\t\t\t<section class=\"elementor-section elementor-top-section elementor-element elementor-element-4e36ee8 elementor-section-boxed elementor-section-height-default elementor-section-height-default\" data-id=\"4e36ee8\" data-element_type=\"section\" data-e-type=\"section\" data-settings=\"{&quot;_ha_eqh_enable&quot;:false}\">\n\t\t\t\t\t\t<div class=\"elementor-container elementor-column-gap-default\">\n\t\t\t\t\t<div class=\"elementor-column elementor-col-100 elementor-top-column elementor-element elementor-element-34c99e3\" data-id=\"34c99e3\" data-element_type=\"column\" data-e-type=\"column\">\n\t\t\t<div class=\"elementor-widget-wrap elementor-element-populated\">\n\t\t\t\t\t\t<div class=\"elementor-element elementor-element-dd5e373 elementor-widget elementor-widget-text-editor\" data-id=\"dd5e373\" data-element_type=\"widget\" data-e-type=\"widget\" data-widget_type=\"text-editor.default\">\n\t\t\t\t<div class=\"elementor-widget-container\">\n\t\t\t\t\t\t\t\t\t<h2>1. L\u2019utilisation de cookies<\/h2><p>Notre site internet\u00a0utilise des cookies. Un cookie est un petit fichier texte qui est envoy\u00e9 avec les pages de ce site Web et qui est stock\u00e9 par votre navigateur sur votre disque dur \u00e0 partir de votre ordinateur, t\u00e9l\u00e9phone portable, montre connect\u00e9e ou tablette. Les informations qui y sont stock\u00e9es peuvent \u00eatre retourn\u00e9es \u00e0 nos serveurs lors d\u2019une visite ult\u00e9rieure.<\/p><p>Un cookie cr\u00e9\u00e9 par notre site internet ne peut \u00eatre lu par un autre site internet.<br \/>Il convient de noter que d\u2019autres technologies similaires comme les pixels invisibles peuvent \u00e9galement nous permettre d\u2019obtenir des informations concernant votre navigation. Ainsi sous le terme cookies nous regroupons les traceurs d\u2019une mani\u00e8re g\u00e9n\u00e9rale.<\/p><h2>2. Consentement<\/h2><p>Lors de votre premi\u00e8re visite sur le site, il vous est propos\u00e9 d\u2019accepter ou de refuser l\u2019utilisation de certains cookies via le bandeau du module \u00ab\u00a0tarteaucitron\u00a0\u00bb en bas de page. Vous pouvez aussi param\u00e9trer l\u2019activation ou le refus de chaque cookie ind\u00e9pendamment, via le bouton \u00ab\u00a0Personnaliser\u00a0\u00bb<\/p><p>Si ce bandeau n\u2019appara\u00eet pas, il suffit de vider le cache de votre navigateur, puis de recharger la page.<br \/>Si vous ne souhaitez pas que des cookies soient install\u00e9s ou lus sur votre \u00e9quipement terminal, un cookie de refus sera d\u00e9pos\u00e9 sur votre \u00e9quipement, afin que de nous permettre d\u2019enregistrer l\u2019information selon laquelle vous vous \u00eates oppos\u00e9 \u00e0 l\u2019utilisation de cookies. Si vous supprimez ce cookie de refus, il ne sera plus possible de vous identifier comme ayant refus\u00e9 l\u2019utilisation de cookies.<\/p><p>De m\u00eame, lorsque vous acceptez le recours aux cookies, un cookie de consentement est install\u00e9.<br \/>Tous les cookies ne sont pas soumis au recueil du consentement. Les cookies qui ont pour finalit\u00e9 exclusive de permettre ou faciliter la communication par voie \u00e9lectronique ou qui sont strictement n\u00e9cessaires \u00e0 la fourniture d\u2019un service de communication en ligne \u00e0 la demande expresse de l\u2019utilisateur ne sont pas soumis au consentement.<\/p><h2>3. Le type de cookies existants<\/h2><p>Les cookies \u00ab n\u00e9cessaires \u00bb, internes, permettent d\u2019enregistrer des informations entre deux consultations d\u2019un m\u00eame site web sur un m\u00eame appareil. Ils permettent d\u2019enregistrer un panier d\u2019achat, des identifiants de connexion ou encore des \u00e9l\u00e9ments de personnalisation de l\u2019interface. Ils ne requi\u00e8rent pas de consentement de la part de l\u2019utilisateur.<\/p><p>Les cookies \u00ab statistiques \u00bb permettent de suivre les actions d\u2019un internaute sur un site web.<br \/>Les cookies \u00ab internes \u00bb ou \u00ab\u00a0first-party\u00a0\u00bb sont d\u00e9pos\u00e9s par le site consult\u00e9. Ils peuvent \u00eatre d\u00e9pos\u00e9s en plus des cookies n\u00e9cessaires et peuvent \u00eatre utilis\u00e9s pour collecter des donn\u00e9es personnelles, suivre le comportement de l\u2019utilisateur et servir \u00e0 des finalit\u00e9s publicitaires.<\/p><p>Les cookies dits \u00ab tiers \u00bb, \u00ab tierce partie \u00bb ou \u00ab\u00a0third party\u00a0\u00bb sont des cookies d\u00e9pos\u00e9s par (ou pour) un site B (souvent une r\u00e9gie publicitaire) sur un site A : cela permet au site B de voir quelles pages ont \u00e9t\u00e9 visit\u00e9es sur le site A par un utilisateur et de collecter des informations sur lui.<\/p><h2>4. Liste des cookies utilis\u00e9s<\/h2><table border=\"1\"><tbody><tr><td><strong>Type de cookie<\/strong><\/td><td><strong>Nom<\/strong><\/td><td><strong>Origine<\/strong><\/td><td><strong>Finalit\u00e9<\/strong><\/td><td><strong>Dur\u00e9e<\/strong><\/td><\/tr><tr><td>obligatoire<\/td><td>PHPSESSID<\/td><td>H\u00e9bergement<\/td><td>Identifiant unique de session<\/td><td>7 Jours<\/td><\/tr><tr><td>obligatoire<\/td><td>SERVERID<\/td><td>H\u00e9bergement<\/td><td>Optimisation des acc\u00e8s serveurs<\/td><td>7 Jours<\/td><\/tr><tr><td>obligatoire<\/td><td>tartaucitron<\/td><td>Tarteaucitron<\/td><td>Gestion des cookies<\/td><td>12 Mois<\/td><\/tr><tr><td>Tiers<\/td><td>ga<\/td><td>Google<\/td><td>Identifiant Google<\/td><td>24 Mois<\/td><\/tr><tr><td>Tiers<\/td><td>gtag<\/td><td>Google<\/td><td>Analyse du trafic<\/td><td>24 Mois<\/td><\/tr><tr><td>\u00a0<\/td><td>\u00a0<\/td><td>\u00a0<\/td><td>\u00a0<\/td><td>\u00a0<\/td><\/tr><\/tbody><\/table><h2>5. Vos droits \u00e0 l\u2019\u00e9gard de vos donn\u00e9es personnelles<\/h2><p>Vous disposez d\u2019un droit d\u2019acc\u00e8s, de rectification, de limitation et de suppression de vos donn\u00e9es personnelles. En outre, vous avez le droit de vous opposer au traitement des donn\u00e9es personnelles et le droit \u00e0 la transf\u00e9rabilit\u00e9 de vos donn\u00e9es. Vous pouvez exercer ces droits en nous contactant par mail\u00a0. Afin de pr\u00e9venir les abus, nous pouvons vous demander de vous identifier sur notre site. Lorsqu\u2019il s\u2019agit d\u2019acc\u00e9der \u00e0 des donn\u00e9es personnelles li\u00e9es \u00e0 un cookie, nous vous demandons de nous envoyer une copie du cookie en question. Vous pouvez les trouver dans les param\u00e8tres de votre navigateur.<\/p><h2>6. Blocage et suppression des cookies<\/h2><p>En plus de notre module de gestion des cookies int\u00e9gr\u00e9, vous pouvez facilement bloquer et supprimer vous-m\u00eame les cookies \u00e0 tout moment par\u00a0votre navigateur Internet. Vous pouvez \u00e9galement configurer votre navigateur Internet de mani\u00e8re \u00e0 recevoir un message lorsqu\u2019un cookie est install\u00e9. Vous pouvez \u00e9galement indiquer que certains cookies ne peuvent pas \u00eatre install\u00e9s. Pour cela, veuillez consultez la fonction d\u2019aide de votre navigateur. Si vous supprimez les cookies de votre navigateur, cela peut le cas \u00e9ch\u00e9ant avoir des cons\u00e9quences sur l\u2019utilisation de notre site internet.<\/p><p>Veuillez noter que si vous ne voulez pas de cookies, nous ne serons plus en mesure de garantir le fonctionnement complet de notre site Web.<\/p><p>Consultez les liens ci-dessous pour acc\u00e9der directement au manuel de votre navigateur.<\/p><p>Firefox : <a href=\"https:\/\/support.mozilla.org\/fr\/kb\/effacer-les-cookies-pour-supprimer-les-information\">https:\/\/support.mozilla.org\/fr\/kb\/effacer-les-cookies-pour-supprimer-les-information<\/a><\/p><p>Google Chrome : <a href=\"https:\/\/support.google.com\/chrome\/answer\/95647?co=GENIE.Platform=Desktop&amp;hl=fr\">https:\/\/support.google.com\/chrome\/answer\/95647?co=GENIE.Platform=Desktop&amp;hl=fr<\/a><\/p><p>Internet Explorer : <a href=\"https:\/\/support.microsoft.com\/fr-fr\/help\/278835\/how-to-delete-cookie-files-in-internet-explorer\">https:\/\/support.microsoft.com\/fr-fr\/help\/278835\/how-to-delete-cookie-files-in-internet-explorer<\/a><\/p><p>Safari : <a href=\"https:\/\/support.apple.com\/kb\/ph21411?locale=fr_FR\">https:\/\/support.apple.com\/kb\/ph21411?locale=fr_FR<\/a><\/p>\t\t\t\t\t\t\t\t<\/div>\n\t\t\t\t<\/div>\n\t\t\t\t\t<\/div>\n\t\t<\/div>\n\t\t\t\t\t<\/div>\n\t\t<\/section>\n\t\t\t\t<\/div>\n\t\t","protected":false},"excerpt":{"rendered":"<p>1. L\u2019utilisation de cookies Notre site internet\u00a0utilise des cookies. Un cookie est un petit fichier texte qui est envoy\u00e9 avec les pages de ce site Web et qui est stock\u00e9 par votre navigateur sur votre disque dur \u00e0 partir de votre ordinateur, t\u00e9l\u00e9phone portable, montre connect\u00e9e ou tablette. Les informations qui y sont stock\u00e9es peuvent [&hellip;]<\/p>\n","protected":false},"author":2,"featured_media":0,"parent":0,"menu_order":0,"comment_status":"closed","ping_status":"closed","template":"","meta":{"_acf_changed":false,"footnotes":""},"class_list":["post-538","page","type-page","status-publish","hentry"],"acf":[],"yoast_head":"<!-- This site is optimized with the Yoast SEO plugin v27.5 - https:\/\/yoast.com\/product\/yoast-seo-wordpress\/ -->\n<title>Politique cookies - balossiers<\/title>\n<meta name=\"robots\" content=\"index, follow, max-snippet:-1, max-image-preview:large, max-video-preview:-1\" \/>\n<link rel=\"canonical\" href=\"https:\/\/www.enertrag.fr\/balossiers\/politique-cookies\/\" \/>\n<meta property=\"og:locale\" content=\"fr_FR\" \/>\n<meta property=\"og:type\" content=\"article\" \/>\n<meta property=\"og:title\" content=\"Politique cookies - balossiers\" \/>\n<meta property=\"og:description\" content=\"1. L\u2019utilisation de cookies Notre site internet\u00a0utilise des cookies. Un cookie est un petit fichier texte qui est envoy\u00e9 avec les pages de ce site Web et qui est stock\u00e9 par votre navigateur sur votre disque dur \u00e0 partir de votre ordinateur, t\u00e9l\u00e9phone portable, montre connect\u00e9e ou tablette. Les informations qui y sont stock\u00e9es peuvent [&hellip;]\" \/>\n<meta property=\"og:url\" content=\"https:\/\/www.enertrag.fr\/balossiers\/politique-cookies\/\" \/>\n<meta property=\"og:site_name\" content=\"balossiers\" \/>\n<meta property=\"article:modified_time\" content=\"2023-02-24T14:46:47+00:00\" \/>\n<meta name=\"twitter:card\" content=\"summary_large_image\" \/>\n<meta name=\"twitter:label1\" content=\"Dur\u00e9e de lecture estim\u00e9e\" \/>\n\t<meta name=\"twitter:data1\" content=\"4 minutes\" \/>\n<script type=\"application\/ld+json\" class=\"yoast-schema-graph\">{\"@context\":\"https:\\\/\\\/schema.org\",\"@graph\":[{\"@type\":\"WebPage\",\"@id\":\"https:\\\/\\\/www.enertrag.fr\\\/balossiers\\\/politique-cookies\\\/\",\"url\":\"https:\\\/\\\/www.enertrag.fr\\\/balossiers\\\/politique-cookies\\\/\",\"name\":\"Politique cookies - balossiers\",\"isPartOf\":{\"@id\":\"https:\\\/\\\/www.enertrag.fr\\\/balossiers\\\/#website\"},\"datePublished\":\"2023-02-24T14:04:38+00:00\",\"dateModified\":\"2023-02-24T14:46:47+00:00\",\"breadcrumb\":{\"@id\":\"https:\\\/\\\/www.enertrag.fr\\\/balossiers\\\/politique-cookies\\\/#breadcrumb\"},\"inLanguage\":\"fr-FR\",\"potentialAction\":[{\"@type\":\"ReadAction\",\"target\":[\"https:\\\/\\\/www.enertrag.fr\\\/balossiers\\\/politique-cookies\\\/\"]}]},{\"@type\":\"BreadcrumbList\",\"@id\":\"https:\\\/\\\/www.enertrag.fr\\\/balossiers\\\/politique-cookies\\\/#breadcrumb\",\"itemListElement\":[{\"@type\":\"ListItem\",\"position\":1,\"name\":\"Accueil\",\"item\":\"https:\\\/\\\/www.enertrag.fr\\\/balossiers\\\/\"},{\"@type\":\"ListItem\",\"position\":2,\"name\":\"Politique cookies\"}]},{\"@type\":\"WebSite\",\"@id\":\"https:\\\/\\\/www.enertrag.fr\\\/balossiers\\\/#website\",\"url\":\"https:\\\/\\\/www.enertrag.fr\\\/balossiers\\\/\",\"name\":\"balossiers\",\"description\":\"\",\"publisher\":{\"@id\":\"https:\\\/\\\/www.enertrag.fr\\\/balossiers\\\/#organization\"},\"potentialAction\":[{\"@type\":\"SearchAction\",\"target\":{\"@type\":\"EntryPoint\",\"urlTemplate\":\"https:\\\/\\\/www.enertrag.fr\\\/balossiers\\\/?s={search_term_string}\"},\"query-input\":{\"@type\":\"PropertyValueSpecification\",\"valueRequired\":true,\"valueName\":\"search_term_string\"}}],\"inLanguage\":\"fr-FR\"},{\"@type\":\"Organization\",\"@id\":\"https:\\\/\\\/www.enertrag.fr\\\/balossiers\\\/#organization\",\"name\":\"balossiers\",\"url\":\"https:\\\/\\\/www.enertrag.fr\\\/balossiers\\\/\",\"logo\":{\"@type\":\"ImageObject\",\"inLanguage\":\"fr-FR\",\"@id\":\"https:\\\/\\\/www.enertrag.fr\\\/balossiers\\\/#\\\/schema\\\/logo\\\/image\\\/\",\"url\":\"https:\\\/\\\/www.enertrag.fr\\\/balossiers\\\/wp-content\\\/uploads\\\/sites\\\/7\\\/2023\\\/01\\\/ENERTRAG_Logo.png\",\"contentUrl\":\"https:\\\/\\\/www.enertrag.fr\\\/balossiers\\\/wp-content\\\/uploads\\\/sites\\\/7\\\/2023\\\/01\\\/ENERTRAG_Logo.png\",\"width\":500,\"height\":161,\"caption\":\"balossiers\"},\"image\":{\"@id\":\"https:\\\/\\\/www.enertrag.fr\\\/balossiers\\\/#\\\/schema\\\/logo\\\/image\\\/\"}}]}<\/script>\n<!-- \/ Yoast SEO plugin. -->","yoast_head_json":{"title":"Politique cookies - balossiers","robots":{"index":"index","follow":"follow","max-snippet":"max-snippet:-1","max-image-preview":"max-image-preview:large","max-video-preview":"max-video-preview:-1"},"canonical":"https:\/\/www.enertrag.fr\/balossiers\/politique-cookies\/","og_locale":"fr_FR","og_type":"article","og_title":"Politique cookies - balossiers","og_description":"1. L\u2019utilisation de cookies Notre site internet\u00a0utilise des cookies. Un cookie est un petit fichier texte qui est envoy\u00e9 avec les pages de ce site Web et qui est stock\u00e9 par votre navigateur sur votre disque dur \u00e0 partir de votre ordinateur, t\u00e9l\u00e9phone portable, montre connect\u00e9e ou tablette. Les informations qui y sont stock\u00e9es peuvent [&hellip;]","og_url":"https:\/\/www.enertrag.fr\/balossiers\/politique-cookies\/","og_site_name":"balossiers","article_modified_time":"2023-02-24T14:46:47+00:00","twitter_card":"summary_large_image","twitter_misc":{"Dur\u00e9e de lecture estim\u00e9e":"4 minutes"},"schema":{"@context":"https:\/\/schema.org","@graph":[{"@type":"WebPage","@id":"https:\/\/www.enertrag.fr\/balossiers\/politique-cookies\/","url":"https:\/\/www.enertrag.fr\/balossiers\/politique-cookies\/","name":"Politique cookies - balossiers","isPartOf":{"@id":"https:\/\/www.enertrag.fr\/balossiers\/#website"},"datePublished":"2023-02-24T14:04:38+00:00","dateModified":"2023-02-24T14:46:47+00:00","breadcrumb":{"@id":"https:\/\/www.enertrag.fr\/balossiers\/politique-cookies\/#breadcrumb"},"inLanguage":"fr-FR","potentialAction":[{"@type":"ReadAction","target":["https:\/\/www.enertrag.fr\/balossiers\/politique-cookies\/"]}]},{"@type":"BreadcrumbList","@id":"https:\/\/www.enertrag.fr\/balossiers\/politique-cookies\/#breadcrumb","itemListElement":[{"@type":"ListItem","position":1,"name":"Accueil","item":"https:\/\/www.enertrag.fr\/balossiers\/"},{"@type":"ListItem","position":2,"name":"Politique cookies"}]},{"@type":"WebSite","@id":"https:\/\/www.enertrag.fr\/balossiers\/#website","url":"https:\/\/www.enertrag.fr\/balossiers\/","name":"balossiers","description":"","publisher":{"@id":"https:\/\/www.enertrag.fr\/balossiers\/#organization"},"potentialAction":[{"@type":"SearchAction","target":{"@type":"EntryPoint","urlTemplate":"https:\/\/www.enertrag.fr\/balossiers\/?s={search_term_string}"},"query-input":{"@type":"PropertyValueSpecification","valueRequired":true,"valueName":"search_term_string"}}],"inLanguage":"fr-FR"},{"@type":"Organization","@id":"https:\/\/www.enertrag.fr\/balossiers\/#organization","name":"balossiers","url":"https:\/\/www.enertrag.fr\/balossiers\/","logo":{"@type":"ImageObject","inLanguage":"fr-FR","@id":"https:\/\/www.enertrag.fr\/balossiers\/#\/schema\/logo\/image\/","url":"https:\/\/www.enertrag.fr\/balossiers\/wp-content\/uploads\/sites\/7\/2023\/01\/ENERTRAG_Logo.png","contentUrl":"https:\/\/www.enertrag.fr\/balossiers\/wp-content\/uploads\/sites\/7\/2023\/01\/ENERTRAG_Logo.png","width":500,"height":161,"caption":"balossiers"},"image":{"@id":"https:\/\/www.enertrag.fr\/balossiers\/#\/schema\/logo\/image\/"}}]}},"_links":{"self":[{"href":"https:\/\/www.enertrag.fr\/balossiers\/wp-json\/wp\/v2\/pages\/538","targetHints":{"allow":["GET"]}}],"collection":[{"href":"https:\/\/www.enertrag.fr\/balossiers\/wp-json\/wp\/v2\/pages"}],"about":[{"href":"https:\/\/www.enertrag.fr\/balossiers\/wp-json\/wp\/v2\/types\/page"}],"author":[{"embeddable":true,"href":"https:\/\/www.enertrag.fr\/balossiers\/wp-json\/wp\/v2\/users\/2"}],"replies":[{"embeddable":true,"href":"https:\/\/www.enertrag.fr\/balossiers\/wp-json\/wp\/v2\/comments?post=538"}],"version-history":[{"count":0,"href":"https:\/\/www.enertrag.fr\/balossiers\/wp-json\/wp\/v2\/pages\/538\/revisions"}],"wp:attachment":[{"href":"https:\/\/www.enertrag.fr\/balossiers\/wp-json\/wp\/v2\/media?parent=538"}],"curies":[{"name":"wp","href":"https:\/\/api.w.org\/{rel}","templated":true}]}}