{"id":66,"date":"2023-01-12T16:20:22","date_gmt":"2023-01-12T15:20:22","guid":{"rendered":"http:\/\/dev.parcs-eoliens-enertrag.fr\/matrice\/?page_id=66"},"modified":"2023-11-27T15:17:38","modified_gmt":"2023-11-27T14:17:38","slug":"qui-sommes-nous","status":"publish","type":"page","link":"https:\/\/www.enertrag.fr\/aigremont\/qui-sommes-nous\/","title":{"rendered":"Qui sommes nous ?"},"content":{"rendered":"\t\t<div data-elementor-type=\"wp-page\" data-elementor-id=\"66\" class=\"elementor elementor-66\" data-elementor-settings=\"{&quot;ha_cmc_init_switcher&quot;:&quot;no&quot;}\" data-elementor-post-type=\"page\">\n\t\t\t\t\t\t<section class=\"elementor-section elementor-top-section elementor-element elementor-element-b0e5e39 elementor-section-boxed elementor-section-height-default elementor-section-height-default\" data-id=\"b0e5e39\" data-element_type=\"section\" data-e-type=\"section\" data-settings=\"{&quot;_ha_eqh_enable&quot;:false}\">\n\t\t\t\t\t\t<div class=\"elementor-container elementor-column-gap-default\">\n\t\t\t\t\t<div class=\"elementor-column elementor-col-100 elementor-top-column elementor-element elementor-element-4dd6d7c\" data-id=\"4dd6d7c\" data-element_type=\"column\" data-e-type=\"column\">\n\t\t\t<div class=\"elementor-widget-wrap elementor-element-populated\">\n\t\t\t\t\t\t<div class=\"elementor-element elementor-element-1bbc81a elementor-widget elementor-widget-heading\" data-id=\"1bbc81a\" data-element_type=\"widget\" data-e-type=\"widget\" data-widget_type=\"heading.default\">\n\t\t\t\t<div class=\"elementor-widget-container\">\n\t\t\t\t\t<h1 class=\"elementor-heading-title elementor-size-default\">Qui sommes-nous ?<\/h1>\t\t\t\t<\/div>\n\t\t\t\t<\/div>\n\t\t\t\t\t<\/div>\n\t\t<\/div>\n\t\t\t\t\t<\/div>\n\t\t<\/section>\n\t\t\t\t<section class=\"elementor-section elementor-top-section elementor-element elementor-element-46d39a0 elementor-section-boxed elementor-section-height-default elementor-section-height-default\" data-id=\"46d39a0\" data-element_type=\"section\" data-e-type=\"section\" data-settings=\"{&quot;_ha_eqh_enable&quot;:false}\">\n\t\t\t\t\t\t<div class=\"elementor-container elementor-column-gap-default\">\n\t\t\t\t\t<div class=\"elementor-column elementor-col-100 elementor-top-column elementor-element elementor-element-837e1c6\" data-id=\"837e1c6\" data-element_type=\"column\" data-e-type=\"column\">\n\t\t\t<div class=\"elementor-widget-wrap elementor-element-populated\">\n\t\t\t\t\t\t<div class=\"elementor-element elementor-element-19abcdb elementor-widget elementor-widget-text-editor\" data-id=\"19abcdb\" data-element_type=\"widget\" data-e-type=\"widget\" data-widget_type=\"text-editor.default\">\n\t\t\t\t<div class=\"elementor-widget-container\">\n\t\t\t\t\t\t\t\t\t<h2>ENERTRAG, une \u00e9nergie d\u2018avance<\/h2><h3>La soci\u00e9t\u00e9<\/h3><p>ENERTRAG innove et d\u00e9veloppe des solutions d\u2019\u00e9nergies renouvelables, telles que des parcs \u00e9oliens, construit et installe leur mise en \u0153uvre et enfin exploite leur production.<br \/>Interlocuteur unique de la naissance du projet \u00e0 la production d\u2019\u00e9lectricit\u00e9 \u00ab verte \u00bb, ENERTRAG couvre ainsi chacune des \u00e9tapes de la cha\u00eene de production de l\u2019\u00e9nergie \u00e9olienne.<\/p><h3>ENERTRAG en Europe<\/h3><p>ENERTRAG a d\u00e9j\u00e0 install\u00e9 772 \u00e9oliennes, repr\u00e9sentant une production annuelle de pr\u00e8s de 1.68 millions de MWh par an. ENERTRAG emploie au total environ 680 employ\u00e9s. Le si\u00e8ge social se situe \u00e0 Dauerthal, en Allemagne.<br \/>ENERTRAG dispose d\u2019un large \u00e9ventail de services d\u2019exploitation et de maintenance pour son propre compte mais \u00e9galement pour le compte de tiers.<\/p>\t\t\t\t\t\t\t\t<\/div>\n\t\t\t\t<\/div>\n\t\t\t\t\t<\/div>\n\t\t<\/div>\n\t\t\t\t\t<\/div>\n\t\t<\/section>\n\t\t\t\t<section class=\"elementor-section elementor-top-section elementor-element elementor-element-5a48527 elementor-section-boxed elementor-section-height-default elementor-section-height-default\" data-id=\"5a48527\" data-element_type=\"section\" data-e-type=\"section\" data-settings=\"{&quot;_ha_eqh_enable&quot;:false}\">\n\t\t\t\t\t\t<div class=\"elementor-container elementor-column-gap-default\">\n\t\t\t\t\t<div class=\"elementor-column elementor-col-100 elementor-top-column elementor-element elementor-element-06543fc\" data-id=\"06543fc\" data-element_type=\"column\" data-e-type=\"column\">\n\t\t\t<div class=\"elementor-widget-wrap elementor-element-populated\">\n\t\t\t\t\t\t<div class=\"elementor-element elementor-element-111cebf elementor-widget elementor-widget-spacer\" data-id=\"111cebf\" data-element_type=\"widget\" data-e-type=\"widget\" data-widget_type=\"spacer.default\">\n\t\t\t\t<div class=\"elementor-widget-container\">\n\t\t\t\t\t\t\t<div class=\"elementor-spacer\">\n\t\t\t<div class=\"elementor-spacer-inner\"><\/div>\n\t\t<\/div>\n\t\t\t\t\t\t<\/div>\n\t\t\t\t<\/div>\n\t\t\t\t<div class=\"elementor-element elementor-element-4e01c25 elementor-widget elementor-widget-heading\" data-id=\"4e01c25\" data-element_type=\"widget\" data-e-type=\"widget\" data-widget_type=\"heading.default\">\n\t\t\t\t<div class=\"elementor-widget-container\">\n\t\t\t\t\t<h2 class=\"elementor-heading-title elementor-size-default\">Votre chef de projet d\u00e9di\u00e9<\/h2>\t\t\t\t<\/div>\n\t\t\t\t<\/div>\n\t\t\t\t\t<\/div>\n\t\t<\/div>\n\t\t\t\t\t<\/div>\n\t\t<\/section>\n\t\t\t\t<section class=\"elementor-section elementor-top-section elementor-element elementor-element-99ea102 elementor-section-boxed elementor-section-height-default elementor-section-height-default\" data-id=\"99ea102\" data-element_type=\"section\" data-e-type=\"section\" data-settings=\"{&quot;_ha_eqh_enable&quot;:false}\">\n\t\t\t\t\t\t<div class=\"elementor-container elementor-column-gap-default\">\n\t\t\t\t\t<div class=\"elementor-column elementor-col-100 elementor-top-column elementor-element elementor-element-71f4641\" data-id=\"71f4641\" data-element_type=\"column\" data-e-type=\"column\">\n\t\t\t<div class=\"elementor-widget-wrap elementor-element-populated\">\n\t\t\t\t\t\t<div class=\"elementor-element elementor-element-ed6c247 elementor-widget elementor-widget-text-editor\" data-id=\"ed6c247\" data-element_type=\"widget\" data-e-type=\"widget\" data-widget_type=\"text-editor.default\">\n\t\t\t\t<div class=\"elementor-widget-container\">\n\t\t\t\t\t\t\t\t\t<h3 style=\"text-align: center;\"><strong>Florian CHECCO<\/strong><br \/>Chef de projets \u00e9nergies renouvelables<br \/>06 25 17 21 91<br \/><a href=\"mailto:vinrepandu@enertrag.com\"><span class=\"ui-provider cyf cyg cee cyh cyi cyj cyk cyl cym cyn cyo cyp cyq cyr cys cyt cyu cyv cyw cyx cyy cyz cza czb czc czd cze czf czg czh czi czj czk czl czm\" dir=\"ltr\"><a class=\"fui-Link ___10kug0w f3rmtva f1ewtqcl fyind8e f1k6fduh f1w7gpdv fk6fouc fjoy568 figsok6 f1hu3pq6 f11qmguv f19f4twv f1tyq0we f1g0x7ka fhxju0i f1qch9an f1cnd47f fqv5qza f1vmzxwi f1o700av f13mvf36 f1cmlufx f9n3di6 f1ids18y f1tx3yz7 f1deo86v f1eh06m1 f1iescvh fhgqx19 f1olyrje f1p93eir f1nev41a f1h8hb77 f1lqvz6u f10aw75t fsle3fq f17ae5zn\" title=\"mailto:solaire@enertrag.com\" href=\"mailto:solaire@enertrag.com\" target=\"_blank\" rel=\"noreferrer noopener\" aria-label=\"Lien solaire@enertrag.com\">solaire@enertrag.com<\/a><\/span><\/a><\/h3>\t\t\t\t\t\t\t\t<\/div>\n\t\t\t\t<\/div>\n\t\t\t\t\t<\/div>\n\t\t<\/div>\n\t\t\t\t\t<\/div>\n\t\t<\/section>\n\t\t\t\t<section class=\"elementor-section elementor-top-section elementor-element elementor-element-e06a80e elementor-section-boxed elementor-section-height-default elementor-section-height-default\" data-id=\"e06a80e\" data-element_type=\"section\" data-e-type=\"section\" data-settings=\"{&quot;background_background&quot;:&quot;classic&quot;,&quot;_ha_eqh_enable&quot;:false}\">\n\t\t\t\t\t\t<div class=\"elementor-container elementor-column-gap-default\">\n\t\t\t\t\t<div class=\"elementor-column elementor-col-100 elementor-top-column elementor-element elementor-element-7ec625d\" data-id=\"7ec625d\" data-element_type=\"column\" data-e-type=\"column\">\n\t\t\t<div class=\"elementor-widget-wrap elementor-element-populated\">\n\t\t\t\t\t\t<div class=\"elementor-element elementor-element-b51deb4 elementor-align-center elementor-widget elementor-widget-button\" data-id=\"b51deb4\" data-element_type=\"widget\" data-e-type=\"widget\" data-widget_type=\"button.default\">\n\t\t\t\t<div class=\"elementor-widget-container\">\n\t\t\t\t\t\t\t\t\t<div class=\"elementor-button-wrapper\">\n\t\t\t\t\t<a class=\"elementor-button elementor-button-link elementor-size-sm\" href=\"https:\/\/france.enertrag.com\">\n\t\t\t\t\t\t<span class=\"elementor-button-content-wrapper\">\n\t\t\t\t\t\t\t\t\t<span class=\"elementor-button-text\">En savoir plus<\/span>\n\t\t\t\t\t<\/span>\n\t\t\t\t\t<\/a>\n\t\t\t\t<\/div>\n\t\t\t\t\t\t\t\t<\/div>\n\t\t\t\t<\/div>\n\t\t\t\t\t<\/div>\n\t\t<\/div>\n\t\t\t\t\t<\/div>\n\t\t<\/section>\n\t\t\t\t<\/div>\n\t\t","protected":false},"excerpt":{"rendered":"<p>Qui sommes-nous ? ENERTRAG, une \u00e9nergie d\u2018avance La soci\u00e9t\u00e9 ENERTRAG innove et d\u00e9veloppe des solutions d\u2019\u00e9nergies renouvelables, telles que des parcs \u00e9oliens, construit et installe leur mise en \u0153uvre et enfin exploite leur production.Interlocuteur unique de la naissance du projet \u00e0 la production d\u2019\u00e9lectricit\u00e9 \u00ab verte \u00bb, ENERTRAG couvre ainsi chacune des \u00e9tapes de la [&hellip;]<\/p>\n","protected":false},"author":1,"featured_media":0,"parent":0,"menu_order":0,"comment_status":"closed","ping_status":"closed","template":"","meta":{"_acf_changed":false,"footnotes":""},"class_list":["post-66","page","type-page","status-publish","hentry"],"acf":[],"yoast_head":"<!-- This site is optimized with the Yoast SEO plugin v27.5 - https:\/\/yoast.com\/product\/yoast-seo-wordpress\/ -->\n<title>Qui sommes nous ? - Projet photovolta\u00efque d&#039;Aigremont<\/title>\n<meta name=\"robots\" content=\"index, follow, max-snippet:-1, max-image-preview:large, max-video-preview:-1\" \/>\n<link rel=\"canonical\" href=\"https:\/\/www.enertrag.fr\/aigremont\/qui-sommes-nous\/\" \/>\n<meta property=\"og:locale\" content=\"fr_FR\" \/>\n<meta property=\"og:type\" content=\"article\" \/>\n<meta property=\"og:title\" content=\"Qui sommes nous ? - Projet photovolta\u00efque d&#039;Aigremont\" \/>\n<meta property=\"og:description\" content=\"Qui sommes-nous ? ENERTRAG, une \u00e9nergie d\u2018avance La soci\u00e9t\u00e9 ENERTRAG innove et d\u00e9veloppe des solutions d\u2019\u00e9nergies renouvelables, telles que des parcs \u00e9oliens, construit et installe leur mise en \u0153uvre et enfin exploite leur production.Interlocuteur unique de la naissance du projet \u00e0 la production d\u2019\u00e9lectricit\u00e9 \u00ab verte \u00bb, ENERTRAG couvre ainsi chacune des \u00e9tapes de la [&hellip;]\" \/>\n<meta property=\"og:url\" content=\"https:\/\/www.enertrag.fr\/aigremont\/qui-sommes-nous\/\" \/>\n<meta property=\"og:site_name\" content=\"Projet photovolta\u00efque d&#039;Aigremont\" \/>\n<meta property=\"article:modified_time\" content=\"2023-11-27T14:17:38+00:00\" \/>\n<meta name=\"twitter:card\" content=\"summary_large_image\" \/>\n<meta name=\"twitter:label1\" content=\"Dur\u00e9e de lecture estim\u00e9e\" \/>\n\t<meta name=\"twitter:data1\" content=\"1 minute\" \/>\n<script type=\"application\/ld+json\" class=\"yoast-schema-graph\">{\"@context\":\"https:\\\/\\\/schema.org\",\"@graph\":[{\"@type\":\"WebPage\",\"@id\":\"https:\\\/\\\/www.enertrag.fr\\\/aigremont\\\/qui-sommes-nous\\\/\",\"url\":\"https:\\\/\\\/www.enertrag.fr\\\/aigremont\\\/qui-sommes-nous\\\/\",\"name\":\"Qui sommes nous ? - Projet photovolta\u00efque d'Aigremont\",\"isPartOf\":{\"@id\":\"https:\\\/\\\/www.enertrag.fr\\\/aigremont\\\/#website\"},\"datePublished\":\"2023-01-12T15:20:22+00:00\",\"dateModified\":\"2023-11-27T14:17:38+00:00\",\"breadcrumb\":{\"@id\":\"https:\\\/\\\/www.enertrag.fr\\\/aigremont\\\/qui-sommes-nous\\\/#breadcrumb\"},\"inLanguage\":\"fr-FR\",\"potentialAction\":[{\"@type\":\"ReadAction\",\"target\":[\"https:\\\/\\\/www.enertrag.fr\\\/aigremont\\\/qui-sommes-nous\\\/\"]}]},{\"@type\":\"BreadcrumbList\",\"@id\":\"https:\\\/\\\/www.enertrag.fr\\\/aigremont\\\/qui-sommes-nous\\\/#breadcrumb\",\"itemListElement\":[{\"@type\":\"ListItem\",\"position\":1,\"name\":\"Accueil\",\"item\":\"https:\\\/\\\/www.enertrag.fr\\\/aigremont\\\/\"},{\"@type\":\"ListItem\",\"position\":2,\"name\":\"Qui sommes nous ?\"}]},{\"@type\":\"WebSite\",\"@id\":\"https:\\\/\\\/www.enertrag.fr\\\/aigremont\\\/#website\",\"url\":\"https:\\\/\\\/www.enertrag.fr\\\/aigremont\\\/\",\"name\":\"Projet photovolta\u00efque d'Aigremont\",\"description\":\"\",\"publisher\":{\"@id\":\"https:\\\/\\\/www.enertrag.fr\\\/aigremont\\\/#organization\"},\"potentialAction\":[{\"@type\":\"SearchAction\",\"target\":{\"@type\":\"EntryPoint\",\"urlTemplate\":\"https:\\\/\\\/www.enertrag.fr\\\/aigremont\\\/?s={search_term_string}\"},\"query-input\":{\"@type\":\"PropertyValueSpecification\",\"valueRequired\":true,\"valueName\":\"search_term_string\"}}],\"inLanguage\":\"fr-FR\"},{\"@type\":\"Organization\",\"@id\":\"https:\\\/\\\/www.enertrag.fr\\\/aigremont\\\/#organization\",\"name\":\"Projet photovolta\u00efque d'Aigremont\",\"url\":\"https:\\\/\\\/www.enertrag.fr\\\/aigremont\\\/\",\"logo\":{\"@type\":\"ImageObject\",\"inLanguage\":\"fr-FR\",\"@id\":\"https:\\\/\\\/www.enertrag.fr\\\/aigremont\\\/#\\\/schema\\\/logo\\\/image\\\/\",\"url\":\"https:\\\/\\\/www.enertrag.fr\\\/aigremont\\\/wp-content\\\/uploads\\\/sites\\\/34\\\/2023\\\/01\\\/ENERTRAG_Logo.png\",\"contentUrl\":\"https:\\\/\\\/www.enertrag.fr\\\/aigremont\\\/wp-content\\\/uploads\\\/sites\\\/34\\\/2023\\\/01\\\/ENERTRAG_Logo.png\",\"width\":500,\"height\":161,\"caption\":\"Projet photovolta\u00efque d'Aigremont\"},\"image\":{\"@id\":\"https:\\\/\\\/www.enertrag.fr\\\/aigremont\\\/#\\\/schema\\\/logo\\\/image\\\/\"}}]}<\/script>\n<!-- \/ Yoast SEO plugin. -->","yoast_head_json":{"title":"Qui sommes nous ? - Projet photovolta\u00efque d'Aigremont","robots":{"index":"index","follow":"follow","max-snippet":"max-snippet:-1","max-image-preview":"max-image-preview:large","max-video-preview":"max-video-preview:-1"},"canonical":"https:\/\/www.enertrag.fr\/aigremont\/qui-sommes-nous\/","og_locale":"fr_FR","og_type":"article","og_title":"Qui sommes nous ? - Projet photovolta\u00efque d'Aigremont","og_description":"Qui sommes-nous ? ENERTRAG, une \u00e9nergie d\u2018avance La soci\u00e9t\u00e9 ENERTRAG innove et d\u00e9veloppe des solutions d\u2019\u00e9nergies renouvelables, telles que des parcs \u00e9oliens, construit et installe leur mise en \u0153uvre et enfin exploite leur production.Interlocuteur unique de la naissance du projet \u00e0 la production d\u2019\u00e9lectricit\u00e9 \u00ab verte \u00bb, ENERTRAG couvre ainsi chacune des \u00e9tapes de la [&hellip;]","og_url":"https:\/\/www.enertrag.fr\/aigremont\/qui-sommes-nous\/","og_site_name":"Projet photovolta\u00efque d'Aigremont","article_modified_time":"2023-11-27T14:17:38+00:00","twitter_card":"summary_large_image","twitter_misc":{"Dur\u00e9e de lecture estim\u00e9e":"1 minute"},"schema":{"@context":"https:\/\/schema.org","@graph":[{"@type":"WebPage","@id":"https:\/\/www.enertrag.fr\/aigremont\/qui-sommes-nous\/","url":"https:\/\/www.enertrag.fr\/aigremont\/qui-sommes-nous\/","name":"Qui sommes nous ? - Projet photovolta\u00efque d'Aigremont","isPartOf":{"@id":"https:\/\/www.enertrag.fr\/aigremont\/#website"},"datePublished":"2023-01-12T15:20:22+00:00","dateModified":"2023-11-27T14:17:38+00:00","breadcrumb":{"@id":"https:\/\/www.enertrag.fr\/aigremont\/qui-sommes-nous\/#breadcrumb"},"inLanguage":"fr-FR","potentialAction":[{"@type":"ReadAction","target":["https:\/\/www.enertrag.fr\/aigremont\/qui-sommes-nous\/"]}]},{"@type":"BreadcrumbList","@id":"https:\/\/www.enertrag.fr\/aigremont\/qui-sommes-nous\/#breadcrumb","itemListElement":[{"@type":"ListItem","position":1,"name":"Accueil","item":"https:\/\/www.enertrag.fr\/aigremont\/"},{"@type":"ListItem","position":2,"name":"Qui sommes nous ?"}]},{"@type":"WebSite","@id":"https:\/\/www.enertrag.fr\/aigremont\/#website","url":"https:\/\/www.enertrag.fr\/aigremont\/","name":"Projet photovolta\u00efque d'Aigremont","description":"","publisher":{"@id":"https:\/\/www.enertrag.fr\/aigremont\/#organization"},"potentialAction":[{"@type":"SearchAction","target":{"@type":"EntryPoint","urlTemplate":"https:\/\/www.enertrag.fr\/aigremont\/?s={search_term_string}"},"query-input":{"@type":"PropertyValueSpecification","valueRequired":true,"valueName":"search_term_string"}}],"inLanguage":"fr-FR"},{"@type":"Organization","@id":"https:\/\/www.enertrag.fr\/aigremont\/#organization","name":"Projet photovolta\u00efque d'Aigremont","url":"https:\/\/www.enertrag.fr\/aigremont\/","logo":{"@type":"ImageObject","inLanguage":"fr-FR","@id":"https:\/\/www.enertrag.fr\/aigremont\/#\/schema\/logo\/image\/","url":"https:\/\/www.enertrag.fr\/aigremont\/wp-content\/uploads\/sites\/34\/2023\/01\/ENERTRAG_Logo.png","contentUrl":"https:\/\/www.enertrag.fr\/aigremont\/wp-content\/uploads\/sites\/34\/2023\/01\/ENERTRAG_Logo.png","width":500,"height":161,"caption":"Projet photovolta\u00efque d'Aigremont"},"image":{"@id":"https:\/\/www.enertrag.fr\/aigremont\/#\/schema\/logo\/image\/"}}]}},"_links":{"self":[{"href":"https:\/\/www.enertrag.fr\/aigremont\/wp-json\/wp\/v2\/pages\/66","targetHints":{"allow":["GET"]}}],"collection":[{"href":"https:\/\/www.enertrag.fr\/aigremont\/wp-json\/wp\/v2\/pages"}],"about":[{"href":"https:\/\/www.enertrag.fr\/aigremont\/wp-json\/wp\/v2\/types\/page"}],"author":[{"embeddable":true,"href":"https:\/\/www.enertrag.fr\/aigremont\/wp-json\/wp\/v2\/users\/1"}],"replies":[{"embeddable":true,"href":"https:\/\/www.enertrag.fr\/aigremont\/wp-json\/wp\/v2\/comments?post=66"}],"version-history":[{"count":0,"href":"https:\/\/www.enertrag.fr\/aigremont\/wp-json\/wp\/v2\/pages\/66\/revisions"}],"wp:attachment":[{"href":"https:\/\/www.enertrag.fr\/aigremont\/wp-json\/wp\/v2\/media?parent=66"}],"curies":[{"name":"wp","href":"https:\/\/api.w.org\/{rel}","templated":true}]}}